{"id":18,"date":"2011-02-25T13:30:35","date_gmt":"2011-02-25T13:30:35","guid":{"rendered":"http:\/\/www.bikeshop-luechow.de\/fahrrad\/web2\/?page_id=18"},"modified":"2014-10-18T14:47:04","modified_gmt":"2014-10-18T14:47:04","slug":"zubehor","status":"publish","type":"page","link":"https:\/\/www.bikeshop-luechow.de\/fahrrad\/web2\/zubehor\/","title":{"rendered":"Zubeh\u00f6r"},"content":{"rendered":"<p><a href=\"https:\/\/www.bikeshop-luechow.de\/fahrrad\/web2\/wp-content\/uploads\/2011\/02\/20140124-IMG_1642.jpg\"><img loading=\"lazy\" decoding=\"async\" class=\"alignright\" style=\"border: 2px solid black; margin-top: 2px; margin-bottom: 2px;\" src=\"https:\/\/www.bikeshop-luechow.de\/fahrrad\/web2\/wp-content\/uploads\/2011\/02\/20140124-IMG_1642-300x225.jpg\" alt=\"Schwalbe\" width=\"240\" height=\"180\" \/><\/a><\/p>\n<p>Nat\u00fcrlich haben wir auch alle g\u00e4ngigen Zubeh\u00f6r Marken im Programm. Sollten wir einmal nicht das gew\u00fcnschte Produkt vorr\u00e4tig haben, so k\u00f6nnen wir das im Normalfall innerhalb von zwei Werktagen beschaffen. Zubeh\u00f6r Marken sind z.B. f\u00fcr Reifen und Schl\u00e4uche <a href=\"http:\/\/www.schwalbe.com\/de\/\" target=\"_blank\">Schwalbe<\/a> und <a title=\"Conti\" href=\"http:\/\/www.conti-online.com\/www\/fahrrad_de_de\/\" target=\"_blank\">Continental<\/a>.<\/p>\n<p>&nbsp;<\/p>\n<p>&nbsp;<\/p>\n<p>&nbsp;<\/p>\n<p>&nbsp;<\/p>\n<p><a href=\"https:\/\/www.bikeshop-luechow.de\/fahrrad\/web2\/wp-content\/uploads\/2011\/02\/20140124-IMG_1640.jpg\"><img loading=\"lazy\" decoding=\"async\" class=\" wp-image-373 alignleft\" style=\"margin: 2px 10px; border: 2px solid black;\" src=\"https:\/\/www.bikeshop-luechow.de\/fahrrad\/web2\/wp-content\/uploads\/2011\/02\/20140124-IMG_1640-300x291.jpg\" alt=\"Licht zubeh\u00f6r\" width=\"240\" height=\"204\" \/><\/a><\/p>\n<p>&nbsp;<\/p>\n<p>Lichtzubeh\u00f6r erh\u00e4ltlich von <a title=\"Busch und M\u00fcller\" href=\"http:\/\/www.bumm.de\/\" target=\"_blank\">Busch und M\u00fcller<\/a>, <a title=\"Sigma\" href=\"http:\/\/www.sigmasport.de\/de\" target=\"_blank\">Sigma<\/a>, <a href=\"http:\/\/www.knog.com.au\/\" target=\"_blank\">Knog<\/a>, oder <a title=\"SON\" href=\"http:\/\/www.nabendynamo.de\/\" target=\"_blank\">Schmidt Maschinenbau (SON)<\/a>. Laufr\u00e4der von <a title=\"Zipp Laufr\u00e4der\" href=\"http:\/\/www.zipp.com\/\" target=\"_blank\">Zipp<\/a>, <a href=\"http:\/\/citec.de\/\" target=\"_blank\">Citec<\/a>, <a href=\"http:\/\/www.mavic.de\/\" target=\"_blank\">Mavic<\/a>, <a title=\"Shimano Import Paul Lange\" href=\"https:\/\/www.paul-lange.de\/\" target=\"_blank\">Shimano<\/a>, Speichen von<a href=\"http:\/\/www.dtswiss.com\/\" target=\"_blank\"> DT Swiss<\/a> oder<a href=\"http:\/\/www.sapim.be\/\" target=\"_blank\"> Sapim<\/a><\/p>\n<p>&nbsp;<\/p>\n<p>&nbsp;<\/p>\n<p>&nbsp;<\/p>\n<p>&nbsp;<\/p>\n<p><a href=\"https:\/\/www.bikeshop-luechow.de\/fahrrad\/web2\/wp-content\/uploads\/2011\/02\/20140124-IMG_1643.jpg\"><img loading=\"lazy\" decoding=\"async\" class=\" wp-image-388 alignright\" style=\"border: 2px solid black; margin: 5px 10px;\" src=\"https:\/\/www.bikeshop-luechow.de\/fahrrad\/web2\/wp-content\/uploads\/2011\/02\/20140124-IMG_1643-300x225.jpg\" alt=\"Bekleidung\" width=\"240\" height=\"180\" srcset=\"https:\/\/www.bikeshop-luechow.de\/fahrrad\/web2\/wp-content\/uploads\/2011\/02\/20140124-IMG_1643-300x225.jpg 300w, https:\/\/www.bikeshop-luechow.de\/fahrrad\/web2\/wp-content\/uploads\/2011\/02\/20140124-IMG_1643-1024x768.jpg 1024w, https:\/\/www.bikeshop-luechow.de\/fahrrad\/web2\/wp-content\/uploads\/2011\/02\/20140124-IMG_1643.jpg 1200w\" sizes=\"auto, (max-width: 240px) 100vw, 240px\" \/><\/a><\/p>\n<p>&nbsp;<\/p>\n<p>&nbsp;<\/p>\n<p>Bekleidung und Zubeh\u00f6r haben wir <a href=\"http:\/\/www.jack-wolfskin.de\" target=\"_blank\">Jack Wolfskin<\/a> seit 20 Jahren im Programm. Specialized Radbekleidung und Zubeh\u00f6r wie Handschuhe, Schuhe, Helme usw. Au\u00dferdem Marken wie<a href=\"http:\/\/www.assosonline.de\" target=\"_blank\"> Assos<\/a>, <a href=\"http:\/\/www.agu.com\/\" target=\"_blank\">AGU<\/a> und <a href=\"http:\/\/www.endurasport.com\/\" target=\"_blank\">Endura<\/a> f\u00fcr Bekleidung.<\/p>\n<p>&nbsp;<\/p>\n<p>&nbsp;<\/p>\n<p>&nbsp;<\/p>\n<p>&nbsp;<\/p>\n","protected":false},"excerpt":{"rendered":"<p>Nat\u00fcrlich haben wir auch alle g\u00e4ngigen Zubeh\u00f6r Marken im Programm. Sollten wir einmal nicht das gew\u00fcnschte Produkt vorr\u00e4tig haben, so k\u00f6nnen wir das im Normalfall innerhalb von zwei Werktagen beschaffen. Zubeh\u00f6r Marken sind z.B. f\u00fcr Reifen und Schl\u00e4uche Schwalbe und Continental. &nbsp; &nbsp; &nbsp; &nbsp; &nbsp; Lichtzubeh\u00f6r erh\u00e4ltlich von Busch und M\u00fcller, Sigma, Knog, oder &hellip; <a href=\"https:\/\/www.bikeshop-luechow.de\/fahrrad\/web2\/zubehor\/\" class=\"more-link\"><span class=\"screen-reader-text\">Zubeh\u00f6r<\/span> weiterlesen <span class=\"meta-nav\">&rarr;<\/span><\/a><\/p>\n","protected":false},"author":1,"featured_media":0,"parent":0,"menu_order":3,"comment_status":"closed","ping_status":"closed","template":"","meta":{"ngg_post_thumbnail":0,"footnotes":""},"class_list":["post-18","page","type-page","status-publish","hentry"],"_links":{"self":[{"href":"https:\/\/www.bikeshop-luechow.de\/fahrrad\/web2\/wp-json\/wp\/v2\/pages\/18","targetHints":{"allow":["GET"]}}],"collection":[{"href":"https:\/\/www.bikeshop-luechow.de\/fahrrad\/web2\/wp-json\/wp\/v2\/pages"}],"about":[{"href":"https:\/\/www.bikeshop-luechow.de\/fahrrad\/web2\/wp-json\/wp\/v2\/types\/page"}],"author":[{"embeddable":true,"href":"https:\/\/www.bikeshop-luechow.de\/fahrrad\/web2\/wp-json\/wp\/v2\/users\/1"}],"replies":[{"embeddable":true,"href":"https:\/\/www.bikeshop-luechow.de\/fahrrad\/web2\/wp-json\/wp\/v2\/comments?post=18"}],"version-history":[{"count":26,"href":"https:\/\/www.bikeshop-luechow.de\/fahrrad\/web2\/wp-json\/wp\/v2\/pages\/18\/revisions"}],"predecessor-version":[{"id":736,"href":"https:\/\/www.bikeshop-luechow.de\/fahrrad\/web2\/wp-json\/wp\/v2\/pages\/18\/revisions\/736"}],"wp:attachment":[{"href":"https:\/\/www.bikeshop-luechow.de\/fahrrad\/web2\/wp-json\/wp\/v2\/media?parent=18"}],"curies":[{"name":"wp","href":"https:\/\/api.w.org\/{rel}","templated":true}]}}

Zubehör

<p><a href="https://www.bikeshop-luechow.de/fahrrad/web2/wp-content/uploads/2011/02/20140124-IMG_1642.jpg"><img loading="lazy" decoding="async" class="alignright" style="border: 2px solid black; margin-top: 2px; margin-bottom: 2px;" src="https://www.bikeshop-luechow.de/fahrrad/web2/wp-content/uploads/2011/02/20140124-IMG_1642-300x225.jpg" alt="Schwalbe" width="240" height="180" /></a></p>
<p>Natürlich haben wir auch alle gängigen Zubehör Marken im Programm. Sollten wir einmal nicht das gewünschte Produkt vorrätig haben, so können wir das im Normalfall innerhalb von zwei Werktagen beschaffen. Zubehör Marken sind z.B. für Reifen und Schläuche <a href="http://www.schwalbe.com/de/" target="_blank">Schwalbe</a> und <a title="Conti" href="http://www.conti-online.com/www/fahrrad_de_de/" target="_blank">Continental</a>.</p>
<p>&nbsp;</p>
<p>&nbsp;</p>
<p>&nbsp;</p>
<p>&nbsp;</p>
<p><a href="https://www.bikeshop-luechow.de/fahrrad/web2/wp-content/uploads/2011/02/20140124-IMG_1640.jpg"><img loading="lazy" decoding="async" class=" wp-image-373 alignleft" style="margin: 2px 10px; border: 2px solid black;" src="https://www.bikeshop-luechow.de/fahrrad/web2/wp-content/uploads/2011/02/20140124-IMG_1640-300x291.jpg" alt="Licht zubehör" width="240" height="204" /></a></p>
<p>&nbsp;</p>
<p>Lichtzubehör erhältlich von <a title="Busch und Müller" href="http://www.bumm.de/" target="_blank">Busch und Müller</a>, <a title="Sigma" href="http://www.sigmasport.de/de" target="_blank">Sigma</a>, <a href="http://www.knog.com.au/" target="_blank">Knog</a>, oder <a title="SON" href="http://www.nabendynamo.de/" target="_blank">Schmidt Maschinenbau (SON)</a>. Laufräder von <a title="Zipp Laufräder" href="http://www.zipp.com/" target="_blank">Zipp</a>, <a href="http://citec.de/" target="_blank">Citec</a>, <a href="http://www.mavic.de/" target="_blank">Mavic</a>, <a title="Shimano Import Paul Lange" href="https://www.paul-lange.de/" target="_blank">Shimano</a>, Speichen von<a href="http://www.dtswiss.com/" target="_blank"> DT Swiss</a> oder<a href="http://www.sapim.be/" target="_blank"> Sapim</a></p>
<p>&nbsp;</p>
<p>&nbsp;</p>
<p>&nbsp;</p>
<p>&nbsp;</p>
<p><a href="https://www.bikeshop-luechow.de/fahrrad/web2/wp-content/uploads/2011/02/20140124-IMG_1643.jpg"><img loading="lazy" decoding="async" class=" wp-image-388 alignright" style="border: 2px solid black; margin: 5px 10px;" src="https://www.bikeshop-luechow.de/fahrrad/web2/wp-content/uploads/2011/02/20140124-IMG_1643-300x225.jpg" alt="Bekleidung" width="240" height="180" srcset="https://www.bikeshop-luechow.de/fahrrad/web2/wp-content/uploads/2011/02/20140124-IMG_1643-300x225.jpg 300w, https://www.bikeshop-luechow.de/fahrrad/web2/wp-content/uploads/2011/02/20140124-IMG_1643-1024x768.jpg 1024w, https://www.bikeshop-luechow.de/fahrrad/web2/wp-content/uploads/2011/02/20140124-IMG_1643.jpg 1200w" sizes="auto, (max-width: 240px) 100vw, 240px" /></a></p>
<p>&nbsp;</p>
<p>&nbsp;</p>
<p>Bekleidung und Zubehör haben wir <a href="http://www.jack-wolfskin.de" target="_blank">Jack Wolfskin</a> seit 20 Jahren im Programm. Specialized Radbekleidung und Zubehör wie Handschuhe, Schuhe, Helme usw. Außerdem Marken wie<a href="http://www.assosonline.de" target="_blank"> Assos</a>, <a href="http://www.agu.com/" target="_blank">AGU</a> und <a href="http://www.endurasport.com/" target="_blank">Endura</a> für Bekleidung.</p>
<p>&nbsp;</p>
<p>&nbsp;</p>
<p>&nbsp;</p>
<p>&nbsp;</p>

<p>Natürlich haben wir auch alle gängigen Zubehör Marken im Programm. Sollten wir einmal nicht das gewünschte Produkt vorrätig haben, so können wir das im Normalfall innerhalb von zwei Werktagen beschaffen. Zubehör Marken sind z.B. für Reifen und Schläuche Schwalbe und Continental. &nbsp; &nbsp; &nbsp; &nbsp; &nbsp; Lichtzubehör erhältlich von Busch und Müller, Sigma, Knog, oder &hellip; <a href="https://www.bikeshop-luechow.de/fahrrad/web2/zubehor/" class="more-link"><span class="screen-reader-text">Zubehör</span> weiterlesen <span class="meta-nav">&rarr;</span></a></p>
