{"id":151,"date":"2012-02-10T15:21:53","date_gmt":"2012-02-10T15:21:53","guid":{"rendered":"http:\/\/www.bikeshop-luechow.de\/fahrrad\/web2\/?page_id=151"},"modified":"2014-10-18T15:03:16","modified_gmt":"2014-10-18T15:03:16","slug":"assos","status":"publish","type":"page","link":"https:\/\/www.bikeshop-luechow.de\/fahrrad\/web2\/bekleidung-2\/assos\/","title":{"rendered":"Assos"},"content":{"rendered":"<p><a href=\"https:\/\/www.bikeshop-luechow.de\/fahrrad\/web2\/wp-content\/uploads\/2012\/02\/assos.jpg\"><img loading=\"lazy\" decoding=\"async\" class=\"alignright size-medium wp-image-427\" src=\"https:\/\/www.bikeshop-luechow.de\/fahrrad\/web2\/wp-content\/uploads\/2012\/02\/assos-300x99.jpg\" alt=\"assos\" width=\"300\" height=\"99\" srcset=\"https:\/\/www.bikeshop-luechow.de\/fahrrad\/web2\/wp-content\/uploads\/2012\/02\/assos-300x99.jpg 300w, https:\/\/www.bikeshop-luechow.de\/fahrrad\/web2\/wp-content\/uploads\/2012\/02\/assos.jpg 850w\" sizes=\"auto, (max-width: 300px) 100vw, 300px\" \/><\/a>Assos Hosen haben wir f\u00fcr Sie in den g\u00e4ngigen Gr\u00f6\u00dfen auf Lager. Alles andere nur auf Bestellung.<\/p>\n<p>Kataloge gibt es hier zum <a href=\"http:\/\/www.assos.com\/de\/59\/katalog.aspx\" target=\"_blank\">Downloaden.<\/a><\/p>\n<p>&nbsp;<\/p>\n<p>&nbsp;<\/p>\n<p style=\"text-align: center;\"><a href=\"https:\/\/www.bikeshop-luechow.de\/fahrrad\/web2\/wp-content\/uploads\/2012\/02\/groessen.jpg\"><img loading=\"lazy\" decoding=\"async\" class=\"aligncenter  wp-image-431\" src=\"https:\/\/www.bikeshop-luechow.de\/fahrrad\/web2\/wp-content\/uploads\/2012\/02\/groessen.jpg\" alt=\"groessen\" width=\"543\" height=\"446\" srcset=\"https:\/\/www.bikeshop-luechow.de\/fahrrad\/web2\/wp-content\/uploads\/2012\/02\/groessen.jpg 905w, https:\/\/www.bikeshop-luechow.de\/fahrrad\/web2\/wp-content\/uploads\/2012\/02\/groessen-300x246.jpg 300w\" sizes=\"auto, (max-width: 543px) 100vw, 543px\" \/><\/a><\/p>\n<p>&nbsp;<\/p>\n","protected":false},"excerpt":{"rendered":"<p>Assos Hosen haben wir f\u00fcr Sie in den g\u00e4ngigen Gr\u00f6\u00dfen auf Lager. Alles andere nur auf Bestellung. Kataloge gibt es hier zum Downloaden. &nbsp; &nbsp; &nbsp;<\/p>\n","protected":false},"author":1,"featured_media":0,"parent":23,"menu_order":0,"comment_status":"closed","ping_status":"closed","template":"","meta":{"ngg_post_thumbnail":0,"footnotes":""},"class_list":["post-151","page","type-page","status-publish","hentry"],"_links":{"self":[{"href":"https:\/\/www.bikeshop-luechow.de\/fahrrad\/web2\/wp-json\/wp\/v2\/pages\/151","targetHints":{"allow":["GET"]}}],"collection":[{"href":"https:\/\/www.bikeshop-luechow.de\/fahrrad\/web2\/wp-json\/wp\/v2\/pages"}],"about":[{"href":"https:\/\/www.bikeshop-luechow.de\/fahrrad\/web2\/wp-json\/wp\/v2\/types\/page"}],"author":[{"embeddable":true,"href":"https:\/\/www.bikeshop-luechow.de\/fahrrad\/web2\/wp-json\/wp\/v2\/users\/1"}],"replies":[{"embeddable":true,"href":"https:\/\/www.bikeshop-luechow.de\/fahrrad\/web2\/wp-json\/wp\/v2\/comments?post=151"}],"version-history":[{"count":8,"href":"https:\/\/www.bikeshop-luechow.de\/fahrrad\/web2\/wp-json\/wp\/v2\/pages\/151\/revisions"}],"predecessor-version":[{"id":754,"href":"https:\/\/www.bikeshop-luechow.de\/fahrrad\/web2\/wp-json\/wp\/v2\/pages\/151\/revisions\/754"}],"up":[{"embeddable":true,"href":"https:\/\/www.bikeshop-luechow.de\/fahrrad\/web2\/wp-json\/wp\/v2\/pages\/23"}],"wp:attachment":[{"href":"https:\/\/www.bikeshop-luechow.de\/fahrrad\/web2\/wp-json\/wp\/v2\/media?parent=151"}],"curies":[{"name":"wp","href":"https:\/\/api.w.org\/{rel}","templated":true}]}}

<p><a href="https://www.bikeshop-luechow.de/fahrrad/web2/wp-content/uploads/2012/02/assos.jpg"><img loading="lazy" decoding="async" class="alignright size-medium wp-image-427" src="https://www.bikeshop-luechow.de/fahrrad/web2/wp-content/uploads/2012/02/assos-300x99.jpg" alt="assos" width="300" height="99" srcset="https://www.bikeshop-luechow.de/fahrrad/web2/wp-content/uploads/2012/02/assos-300x99.jpg 300w, https://www.bikeshop-luechow.de/fahrrad/web2/wp-content/uploads/2012/02/assos.jpg 850w" sizes="auto, (max-width: 300px) 100vw, 300px" /></a>Assos Hosen haben wir für Sie in den gängigen Größen auf Lager. Alles andere nur auf Bestellung.</p>
<p>Kataloge gibt es hier zum <a href="http://www.assos.com/de/59/katalog.aspx" target="_blank">Downloaden.</a></p>
<p>&nbsp;</p>
<p>&nbsp;</p>
<p style="text-align: center;"><a href="https://www.bikeshop-luechow.de/fahrrad/web2/wp-content/uploads/2012/02/groessen.jpg"><img loading="lazy" decoding="async" class="aligncenter  wp-image-431" src="https://www.bikeshop-luechow.de/fahrrad/web2/wp-content/uploads/2012/02/groessen.jpg" alt="groessen" width="543" height="446" srcset="https://www.bikeshop-luechow.de/fahrrad/web2/wp-content/uploads/2012/02/groessen.jpg 905w, https://www.bikeshop-luechow.de/fahrrad/web2/wp-content/uploads/2012/02/groessen-300x246.jpg 300w" sizes="auto, (max-width: 543px) 100vw, 543px" /></a></p>
<p>&nbsp;</p>

<p>Assos Hosen haben wir für Sie in den gängigen Größen auf Lager. Alles andere nur auf Bestellung. Kataloge gibt es hier zum Downloaden. &nbsp; &nbsp; &nbsp;</p>
