{"id":143,"date":"2012-02-10T15:16:38","date_gmt":"2012-02-10T15:16:38","guid":{"rendered":"http:\/\/www.bikeshop-luechow.de\/fahrrad\/web2\/?page_id=143"},"modified":"2025-01-16T07:11:47","modified_gmt":"2025-01-16T07:11:47","slug":"jack-wolfskin","status":"publish","type":"page","link":"https:\/\/www.bikeshop-luechow.de\/fahrrad\/web2\/bekleidung-2\/jack-wolfskin\/","title":{"rendered":"Castelli"},"content":{"rendered":"<p><a title=\"http:\/\/www.castelli-cycling.com\/\" href=\"http:\/\/www.castelli-cycling.com\/\" target=\"_blank\" rel=\"noopener\"><img loading=\"lazy\" decoding=\"async\" class=\"alignright size-full wp-image-819\" src=\"https:\/\/www.bikeshop-luechow.de\/fahrrad\/web2\/wp-content\/uploads\/2012\/02\/castelli.png\" alt=\"castelli\" width=\"208\" height=\"59\"><\/a> Neu im Programm haben wir Castelli. Die Firma besteht seit 1876 und hat damit reichlich Erfahrung&nbsp; was Radsportler f\u00fcr anspr\u00fcche an Radklamotten haben. Im Laden h\u00e4ngen die g\u00e4ngigsten Hosen und Trikos in allen Gr\u00f6\u00dfen. Kommt gerne rum und Probiert sie an!<\/p>\n<p>Hauptseite: <a href=\"https:\/\/www.castelli-cycling.com\/DE\/de\/\">Guckste hier.<\/a><\/p>\n<p><a href=\"_wp_link_placeholder\" data-wplink-edit=\"true\">Gr\u00f6\u00dfentabbelle<\/a><\/p>\n<p>&nbsp;<\/p>\n<p>&nbsp;<\/p>\n<p>&nbsp;<\/p>\n","protected":false},"excerpt":{"rendered":"<p>Neu im Programm haben wir Castelli. Die Firma besteht seit 1876 und hat damit reichlich Erfahrung&nbsp; was Radsportler f\u00fcr anspr\u00fcche an Radklamotten haben. Im Laden h\u00e4ngen die g\u00e4ngigsten Hosen und Trikos in allen Gr\u00f6\u00dfen. Kommt gerne rum und Probiert sie an! Hauptseite: Guckste hier. Gr\u00f6\u00dfentabbelle &nbsp; &nbsp; &nbsp;<\/p>\n","protected":false},"author":1,"featured_media":0,"parent":23,"menu_order":0,"comment_status":"closed","ping_status":"closed","template":"","meta":{"ngg_post_thumbnail":0,"footnotes":""},"class_list":["post-143","page","type-page","status-publish","hentry"],"_links":{"self":[{"href":"https:\/\/www.bikeshop-luechow.de\/fahrrad\/web2\/wp-json\/wp\/v2\/pages\/143","targetHints":{"allow":["GET"]}}],"collection":[{"href":"https:\/\/www.bikeshop-luechow.de\/fahrrad\/web2\/wp-json\/wp\/v2\/pages"}],"about":[{"href":"https:\/\/www.bikeshop-luechow.de\/fahrrad\/web2\/wp-json\/wp\/v2\/types\/page"}],"author":[{"embeddable":true,"href":"https:\/\/www.bikeshop-luechow.de\/fahrrad\/web2\/wp-json\/wp\/v2\/users\/1"}],"replies":[{"embeddable":true,"href":"https:\/\/www.bikeshop-luechow.de\/fahrrad\/web2\/wp-json\/wp\/v2\/comments?post=143"}],"version-history":[{"count":14,"href":"https:\/\/www.bikeshop-luechow.de\/fahrrad\/web2\/wp-json\/wp\/v2\/pages\/143\/revisions"}],"predecessor-version":[{"id":860,"href":"https:\/\/www.bikeshop-luechow.de\/fahrrad\/web2\/wp-json\/wp\/v2\/pages\/143\/revisions\/860"}],"up":[{"embeddable":true,"href":"https:\/\/www.bikeshop-luechow.de\/fahrrad\/web2\/wp-json\/wp\/v2\/pages\/23"}],"wp:attachment":[{"href":"https:\/\/www.bikeshop-luechow.de\/fahrrad\/web2\/wp-json\/wp\/v2\/media?parent=143"}],"curies":[{"name":"wp","href":"https:\/\/api.w.org\/{rel}","templated":true}]}}

<p><a title="http://www.castelli-cycling.com/" href="http://www.castelli-cycling.com/" target="_blank" rel="noopener"><img loading="lazy" decoding="async" class="alignright size-full wp-image-819" src="https://www.bikeshop-luechow.de/fahrrad/web2/wp-content/uploads/2012/02/castelli.png" alt="castelli" width="208" height="59"></a> Neu im Programm haben wir Castelli. Die Firma besteht seit 1876 und hat damit reichlich Erfahrung&nbsp; was Radsportler für ansprüche an Radklamotten haben. Im Laden hängen die gängigsten Hosen und Trikos in allen Größen. Kommt gerne rum und Probiert sie an!</p>
<p>Hauptseite: <a href="https://www.castelli-cycling.com/DE/de/">Guckste hier.</a></p>
<p><a href="_wp_link_placeholder" data-wplink-edit="true">Größentabbelle</a></p>
<p>&nbsp;</p>
<p>&nbsp;</p>
<p>&nbsp;</p>

<p>Neu im Programm haben wir Castelli. Die Firma besteht seit 1876 und hat damit reichlich Erfahrung&nbsp; was Radsportler für ansprüche an Radklamotten haben. Im Laden hängen die gängigsten Hosen und Trikos in allen Größen. Kommt gerne rum und Probiert sie an! Hauptseite: Guckste hier. Größentabbelle &nbsp; &nbsp; &nbsp;</p>
