{"id":118,"date":"2012-02-10T14:59:14","date_gmt":"2012-02-10T14:59:14","guid":{"rendered":"http:\/\/www.bikeshop-luechow.de\/fahrrad\/web2\/?page_id=118"},"modified":"2014-10-18T13:51:14","modified_gmt":"2014-10-18T13:51:14","slug":"victoria","status":"publish","type":"page","link":"https:\/\/www.bikeshop-luechow.de\/fahrrad\/web2\/fahrrader\/victoria\/","title":{"rendered":"Victoria"},"content":{"rendered":"<p><a title=\"http:\/\/www.victoria-fahrrad.de\/\" href=\"http:\/\/www.victoria-fahrrad.de\/\" target=\"_blank\"><img loading=\"lazy\" decoding=\"async\" class=\"alignright size-full wp-image-264\" src=\"https:\/\/www.bikeshop-luechow.de\/fahrrad\/web2\/wp-content\/uploads\/2012\/02\/victoria_logo.jpg\" alt=\"Victoria Logo\" width=\"311\" height=\"87\" srcset=\"https:\/\/www.bikeshop-luechow.de\/fahrrad\/web2\/wp-content\/uploads\/2012\/02\/victoria_logo.jpg 371w, https:\/\/www.bikeshop-luechow.de\/fahrrad\/web2\/wp-content\/uploads\/2012\/02\/victoria_logo-300x84.jpg 300w\" sizes=\"auto, (max-width: 311px) 100vw, 311px\" \/><\/a>Leidenschaft und Fahrradfreude seit \u00fcber 125 Jahren! Erleben Sie eine au\u00dfergew\u00f6hnliche Fahrradkollektion, die keine W\u00fcnsche offen l\u00e4sst.<\/p>\n<p>Gerne laden wir Sie zu einer Probefahrt bei trockenem Wetter herzlich ein. Sprechen Sie uns an!<\/p>\n<p>Eine \u00dcbersicht \u00fcber alle Victoria R\u00e4der finden Sie <a title=\"http:\/\/www.victoria-fahrrad.de\/\" href=\"http:\/\/www.victoria-fahrrad.de\/\" target=\"_blank\">hier<\/a> oder klicken Sie auf das Victoria Firmen Logo.<\/p>\n<p>&nbsp;<\/p>\n<p>&nbsp;<\/p>\n","protected":false},"excerpt":{"rendered":"<p>Leidenschaft und Fahrradfreude seit \u00fcber 125 Jahren! Erleben Sie eine au\u00dfergew\u00f6hnliche Fahrradkollektion, die keine W\u00fcnsche offen l\u00e4sst. Gerne laden wir Sie zu einer Probefahrt bei trockenem Wetter herzlich ein. Sprechen Sie uns an! Eine \u00dcbersicht \u00fcber alle Victoria R\u00e4der finden Sie hier oder klicken Sie auf das Victoria Firmen Logo. &nbsp; &nbsp;<\/p>\n","protected":false},"author":1,"featured_media":0,"parent":16,"menu_order":6,"comment_status":"closed","ping_status":"closed","template":"","meta":{"ngg_post_thumbnail":0,"footnotes":""},"class_list":["post-118","page","type-page","status-publish","hentry"],"_links":{"self":[{"href":"https:\/\/www.bikeshop-luechow.de\/fahrrad\/web2\/wp-json\/wp\/v2\/pages\/118","targetHints":{"allow":["GET"]}}],"collection":[{"href":"https:\/\/www.bikeshop-luechow.de\/fahrrad\/web2\/wp-json\/wp\/v2\/pages"}],"about":[{"href":"https:\/\/www.bikeshop-luechow.de\/fahrrad\/web2\/wp-json\/wp\/v2\/types\/page"}],"author":[{"embeddable":true,"href":"https:\/\/www.bikeshop-luechow.de\/fahrrad\/web2\/wp-json\/wp\/v2\/users\/1"}],"replies":[{"embeddable":true,"href":"https:\/\/www.bikeshop-luechow.de\/fahrrad\/web2\/wp-json\/wp\/v2\/comments?post=118"}],"version-history":[{"count":8,"href":"https:\/\/www.bikeshop-luechow.de\/fahrrad\/web2\/wp-json\/wp\/v2\/pages\/118\/revisions"}],"predecessor-version":[{"id":719,"href":"https:\/\/www.bikeshop-luechow.de\/fahrrad\/web2\/wp-json\/wp\/v2\/pages\/118\/revisions\/719"}],"up":[{"embeddable":true,"href":"https:\/\/www.bikeshop-luechow.de\/fahrrad\/web2\/wp-json\/wp\/v2\/pages\/16"}],"wp:attachment":[{"href":"https:\/\/www.bikeshop-luechow.de\/fahrrad\/web2\/wp-json\/wp\/v2\/media?parent=118"}],"curies":[{"name":"wp","href":"https:\/\/api.w.org\/{rel}","templated":true}]}}

<p><a title="http://www.victoria-fahrrad.de/" href="http://www.victoria-fahrrad.de/" target="_blank"><img loading="lazy" decoding="async" class="alignright size-full wp-image-264" src="https://www.bikeshop-luechow.de/fahrrad/web2/wp-content/uploads/2012/02/victoria_logo.jpg" alt="Victoria Logo" width="311" height="87" srcset="https://www.bikeshop-luechow.de/fahrrad/web2/wp-content/uploads/2012/02/victoria_logo.jpg 371w, https://www.bikeshop-luechow.de/fahrrad/web2/wp-content/uploads/2012/02/victoria_logo-300x84.jpg 300w" sizes="auto, (max-width: 311px) 100vw, 311px" /></a>Leidenschaft und Fahrradfreude seit über 125 Jahren! Erleben Sie eine außergewöhnliche Fahrradkollektion, die keine Wünsche offen lässt.</p>
<p>Gerne laden wir Sie zu einer Probefahrt bei trockenem Wetter herzlich ein. Sprechen Sie uns an!</p>
<p>Eine Übersicht über alle Victoria Räder finden Sie <a title="http://www.victoria-fahrrad.de/" href="http://www.victoria-fahrrad.de/" target="_blank">hier</a> oder klicken Sie auf das Victoria Firmen Logo.</p>
<p>&nbsp;</p>
<p>&nbsp;</p>

<p>Leidenschaft und Fahrradfreude seit über 125 Jahren! Erleben Sie eine außergewöhnliche Fahrradkollektion, die keine Wünsche offen lässt. Gerne laden wir Sie zu einer Probefahrt bei trockenem Wetter herzlich ein. Sprechen Sie uns an! Eine Übersicht über alle Victoria Räder finden Sie hier oder klicken Sie auf das Victoria Firmen Logo. &nbsp; &nbsp;</p>
