{"id":114,"date":"2012-02-10T14:54:33","date_gmt":"2012-02-10T14:54:33","guid":{"rendered":"http:\/\/www.bikeshop-luechow.de\/fahrrad\/web2\/?page_id=114"},"modified":"2014-10-18T14:27:36","modified_gmt":"2014-10-18T14:27:36","slug":"prince","status":"publish","type":"page","link":"https:\/\/www.bikeshop-luechow.de\/fahrrad\/web2\/fahrrader\/prince\/","title":{"rendered":"Prince"},"content":{"rendered":"<p><a href=\"https:\/\/www.bikeshop-luechow.de\/fahrrad\/web2\/wp-content\/uploads\/2012\/02\/Prince.jpg\"><img loading=\"lazy\" decoding=\"async\" class=\"alignright size-full wp-image-282\" src=\"https:\/\/www.bikeshop-luechow.de\/fahrrad\/web2\/wp-content\/uploads\/2012\/02\/Prince.jpg\" alt=\"Prince\" width=\"240\" height=\"36\" \/><\/a><\/p>\n<p>Kinder- und Jugendr\u00e4der von Prince.<\/p>\n<p><a title=\"http:\/\/issuu.com\/hartje\/docs\/prince_2013_low?mode=window&amp;backgroundColor=%23222222\" href=\"http:\/\/issuu.com\/hartje\/docs\/prince_2013_low?mode=window&amp;backgroundColor=%23222222\" target=\"_blank\">&#8211; Katalog<\/a><\/p>\n<p>Sie wissen nicht welche Fahrradgr\u00f6\u00dfe f\u00fcr Ihr Kind geeignet ist? Schauen Sie vorbei, wir beraten sie gerne.<\/p>\n<p><strong>&#8222;My New Bike&#8220;<\/strong><\/p>\n<p>&nbsp;<\/p>\n<p>&nbsp;<\/p>\n","protected":false},"excerpt":{"rendered":"<p>Kinder- und Jugendr\u00e4der von Prince. &#8211; Katalog Sie wissen nicht welche Fahrradgr\u00f6\u00dfe f\u00fcr Ihr Kind geeignet ist? Schauen Sie vorbei, wir beraten sie gerne. &#8222;My New Bike&#8220; &nbsp; &nbsp;<\/p>\n","protected":false},"author":1,"featured_media":0,"parent":16,"menu_order":8,"comment_status":"closed","ping_status":"closed","template":"","meta":{"ngg_post_thumbnail":0,"footnotes":""},"class_list":["post-114","page","type-page","status-publish","hentry"],"_links":{"self":[{"href":"https:\/\/www.bikeshop-luechow.de\/fahrrad\/web2\/wp-json\/wp\/v2\/pages\/114","targetHints":{"allow":["GET"]}}],"collection":[{"href":"https:\/\/www.bikeshop-luechow.de\/fahrrad\/web2\/wp-json\/wp\/v2\/pages"}],"about":[{"href":"https:\/\/www.bikeshop-luechow.de\/fahrrad\/web2\/wp-json\/wp\/v2\/types\/page"}],"author":[{"embeddable":true,"href":"https:\/\/www.bikeshop-luechow.de\/fahrrad\/web2\/wp-json\/wp\/v2\/users\/1"}],"replies":[{"embeddable":true,"href":"https:\/\/www.bikeshop-luechow.de\/fahrrad\/web2\/wp-json\/wp\/v2\/comments?post=114"}],"version-history":[{"count":12,"href":"https:\/\/www.bikeshop-luechow.de\/fahrrad\/web2\/wp-json\/wp\/v2\/pages\/114\/revisions"}],"predecessor-version":[{"id":728,"href":"https:\/\/www.bikeshop-luechow.de\/fahrrad\/web2\/wp-json\/wp\/v2\/pages\/114\/revisions\/728"}],"up":[{"embeddable":true,"href":"https:\/\/www.bikeshop-luechow.de\/fahrrad\/web2\/wp-json\/wp\/v2\/pages\/16"}],"wp:attachment":[{"href":"https:\/\/www.bikeshop-luechow.de\/fahrrad\/web2\/wp-json\/wp\/v2\/media?parent=114"}],"curies":[{"name":"wp","href":"https:\/\/api.w.org\/{rel}","templated":true}]}}

<p><a href="https://www.bikeshop-luechow.de/fahrrad/web2/wp-content/uploads/2012/02/Prince.jpg"><img loading="lazy" decoding="async" class="alignright size-full wp-image-282" src="https://www.bikeshop-luechow.de/fahrrad/web2/wp-content/uploads/2012/02/Prince.jpg" alt="Prince" width="240" height="36" /></a></p>
<p>Kinder- und Jugendräder von Prince.</p>
<p><a title="http://issuu.com/hartje/docs/prince_2013_low?mode=window&amp;backgroundColor=%23222222" href="http://issuu.com/hartje/docs/prince_2013_low?mode=window&amp;backgroundColor=%23222222" target="_blank">&#8211; Katalog</a></p>
<p>Sie wissen nicht welche Fahrradgröße für Ihr Kind geeignet ist? Schauen Sie vorbei, wir beraten sie gerne.</p>
<p><strong>&#8222;My New Bike&#8220;</strong></p>
<p>&nbsp;</p>
<p>&nbsp;</p>

<p>Kinder- und Jugendräder von Prince. &#8211; Katalog Sie wissen nicht welche Fahrradgröße für Ihr Kind geeignet ist? Schauen Sie vorbei, wir beraten sie gerne. &#8222;My New Bike&#8220; &nbsp; &nbsp;</p>
