{"id":101,"date":"2012-02-10T14:47:53","date_gmt":"2012-02-10T14:47:53","guid":{"rendered":"http:\/\/www.bikeshop-luechow.de\/fahrrad\/web2\/?page_id=101"},"modified":"2018-01-31T15:49:51","modified_gmt":"2018-01-31T15:49:51","slug":"stevens","status":"publish","type":"page","link":"https:\/\/www.bikeshop-luechow.de\/fahrrad\/web2\/fahrrader\/stevens\/","title":{"rendered":"Stevens Bikes"},"content":{"rendered":"<p><a title=\"http:\/\/www.stevensbikes.de\" href=\"http:\/\/www.stevensbikes.de\" target=\"_blank\" rel=\"noopener\"><img loading=\"lazy\" decoding=\"async\" class=\"alignright wp-image-209\" title=\"STEVENS\" src=\"https:\/\/www.bikeshop-luechow.de\/fahrrad\/web2\/wp-content\/uploads\/2012\/02\/S_STEVENS_Kombi_White-300x191.jpg\" alt=\"Stevens Bikes Logo\" width=\"266\" height=\"168\" srcset=\"https:\/\/www.bikeshop-luechow.de\/fahrrad\/web2\/wp-content\/uploads\/2012\/02\/S_STEVENS_Kombi_White-300x191.jpg 300w, https:\/\/www.bikeshop-luechow.de\/fahrrad\/web2\/wp-content\/uploads\/2012\/02\/S_STEVENS_Kombi_White.jpg 812w\" sizes=\"auto, (max-width: 266px) 100vw, 266px\" \/><\/a>Zu unseren Hauptmarken z\u00e4hlt Stevens. Aus \u00dcberzeugung der angebotenen Qualit\u00e4t und dem Sortiment, haben wir die Hamburger Firma bereits seit unserer Firmengr\u00fcndung bei uns im Programm. Stevens-Bikes bietet ein sehr gutes Preis-Leistungs-Verh\u00e4ltnis, egal ob bei Touren-, Trekking-, E-Bikes, Mountainbikes oder im Rennradbereich.<\/p>\n<p>&nbsp;<\/p>\n<p>Gerne laden wir Sie zu einer Probefahrt bei trockenem Wetter herzlich ein. Sprechen Sie uns an!<\/p>\n<p>Eine \u00dcbersicht \u00fcber alle Stevens Bikes R\u00e4der finden Sie <a title=\"http:\/\/www.stevensbikes.de\" href=\"http:\/\/www.stevensbikes.de\" target=\"_blank\" rel=\"noopener\">hier<\/a> oder klicken Sie auf das Stevens Firmen Logo.<\/p>\n<p>&nbsp;<\/p>\n<p><a href=\"https:\/\/www.bosch-ebike.com\/de\/service\/reichweiten-assistent\/\" target=\"_blank\" rel=\"noopener\">&#8211; Reichweitenrechner<\/a><\/p>\n<ul>\n<li><a href=\"https:\/\/www.bosch-ebike.com\/de\/service\/downloads\/\" target=\"_blank\" rel=\"noopener\">Akku Guide<\/a><\/li>\n<\/ul>\n<p>&nbsp;<\/p>\n<p>&nbsp;<\/p>\n<p><strong><em>Stevens Zitat:<\/em><\/strong><\/p>\n<p><strong><em> &#8222;Wer wie wir aus dem Radsport kommt, hat eine ganz einfache Philosophie: So lange weitermachen, bis man am Ziel ist \u2013 und das am besten als Erster.&#8220;<\/em><\/strong><\/p>\n<p>&nbsp;<\/p>\n<p>&nbsp;<\/p>\n<p>&nbsp;<\/p>\n","protected":false},"excerpt":{"rendered":"<p>Zu unseren Hauptmarken z\u00e4hlt Stevens. Aus \u00dcberzeugung der angebotenen Qualit\u00e4t und dem Sortiment, haben wir die Hamburger Firma bereits seit unserer Firmengr\u00fcndung bei uns im Programm. Stevens-Bikes bietet ein sehr gutes Preis-Leistungs-Verh\u00e4ltnis, egal ob bei Touren-, Trekking-, E-Bikes, Mountainbikes oder im Rennradbereich. &nbsp; Gerne laden wir Sie zu einer Probefahrt bei trockenem Wetter herzlich ein. &hellip; <a href=\"https:\/\/www.bikeshop-luechow.de\/fahrrad\/web2\/fahrrader\/stevens\/\" class=\"more-link\"><span class=\"screen-reader-text\">Stevens Bikes<\/span> weiterlesen <span class=\"meta-nav\">&rarr;<\/span><\/a><\/p>\n","protected":false},"author":1,"featured_media":0,"parent":16,"menu_order":1,"comment_status":"closed","ping_status":"closed","template":"","meta":{"ngg_post_thumbnail":0,"footnotes":""},"class_list":["post-101","page","type-page","status-publish","hentry"],"_links":{"self":[{"href":"https:\/\/www.bikeshop-luechow.de\/fahrrad\/web2\/wp-json\/wp\/v2\/pages\/101","targetHints":{"allow":["GET"]}}],"collection":[{"href":"https:\/\/www.bikeshop-luechow.de\/fahrrad\/web2\/wp-json\/wp\/v2\/pages"}],"about":[{"href":"https:\/\/www.bikeshop-luechow.de\/fahrrad\/web2\/wp-json\/wp\/v2\/types\/page"}],"author":[{"embeddable":true,"href":"https:\/\/www.bikeshop-luechow.de\/fahrrad\/web2\/wp-json\/wp\/v2\/users\/1"}],"replies":[{"embeddable":true,"href":"https:\/\/www.bikeshop-luechow.de\/fahrrad\/web2\/wp-json\/wp\/v2\/comments?post=101"}],"version-history":[{"count":13,"href":"https:\/\/www.bikeshop-luechow.de\/fahrrad\/web2\/wp-json\/wp\/v2\/pages\/101\/revisions"}],"predecessor-version":[{"id":861,"href":"https:\/\/www.bikeshop-luechow.de\/fahrrad\/web2\/wp-json\/wp\/v2\/pages\/101\/revisions\/861"}],"up":[{"embeddable":true,"href":"https:\/\/www.bikeshop-luechow.de\/fahrrad\/web2\/wp-json\/wp\/v2\/pages\/16"}],"wp:attachment":[{"href":"https:\/\/www.bikeshop-luechow.de\/fahrrad\/web2\/wp-json\/wp\/v2\/media?parent=101"}],"curies":[{"name":"wp","href":"https:\/\/api.w.org\/{rel}","templated":true}]}}